{"id":4403,"date":"2025-09-11T22:19:00","date_gmt":"2025-09-11T22:19:00","guid":{"rendered":"https:\/\/alpertuydes.com\/?page_id=4403"},"modified":"2026-03-23T23:21:59","modified_gmt":"2026-03-23T23:21:59","slug":"sergiler","status":"publish","type":"page","link":"https:\/\/alpertuydes.com\/?page_id=4403","title":{"rendered":"Sergiler"},"content":{"rendered":"<div class=\"wpb-content-wrapper\"><p>[vc_row full_width=&#8221;stretch_row&#8221; css=&#8221;.vc_custom_1767480709165{background-image: url(https:\/\/alpertuydes.com\/wp-content\/uploads\/2025\/08\/m4.jpg?id=4314) !important;background-position: center !important;background-repeat: no-repeat !important;background-size: cover !important;}&#8221;][vc_column][vc_empty_space height=&#8221;67px&#8221;][vc_message message_box_style=&#8221;solid&#8221; message_box_color=&#8221;danger&#8221; icon_fontawesome=&#8221;fa fa-regular fa-images&#8221; css=&#8221;&#8221;]<\/p>\n<h3 style=\"text-align: center;\"><span style=\"font-family: \u201dsegoe UI;\">Alper T\u00fcyde\u015f | Sergiler<\/span><\/h3>\n<p>&nbsp;<\/p>\n<p>\u2013 Hataysal Foto\u011fraflar \u2013 Antakya K\u00fclt\u00fcr Merkezi \u2013 Hatay \u2013 2011<br \/>\n\u2013 Karacabey\u2019in Do\u011fas\u0131 \u2013 Kent Meydan\u0131- Karacabey \u2013 2012<br \/>\n\u2013 Karacabey Longozu Diye Bir Yer var \u2013 Tayyare K\u00fclt\u00fcr Merkezi \u2013 Bursa \u2013 2013<br \/>\n\u2013 \u0130stanbul Ku\u015flar\u0131 \u2013 Galataport \u0130stanbul- 2022<br \/>\n\u2013 Band\u0131rma Ku\u015flar\u0131 \u2013 Melih \u00c7\u0131nar Sergi Salonu \u2013 Bal\u0131kesir \u2013 2024<br \/>\n\u2013 Bursa Foto Fest \u2013 Merinos AKKM Bursa \u2013 2022<br \/>\n\u2013 Bursa Foto Fest \u2013 Merinos AKKM Bursa \u2013 2023<br \/>\n\u2013 K\u00fclt\u00fcr Yolu Festivali \u2013 Panaroma 1326 Fetih M\u00fczesi \u2013 Bursa 2025<br \/>\n\u2013 K\u00fclt\u00fcr yolu festivali &#8211; MBB sanat merkezi &#8211; Malatya 2025[\/vc_message][vc_empty_space height=&#8221;67px&#8221;][\/vc_column][\/vc_row]<\/p>\n<\/div>","protected":false},"excerpt":{"rendered":"<p>[vc_row full_width=&#8221;stretch_row&#8221; css=&#8221;.vc_custom_1767480709165{background-image: url(https:\/\/alpertuydes.com\/wp-content\/uploads\/2025\/08\/m4.jpg?id=4314) !important;background-position: center !important;background-repeat: no-repeat !important;background-size: cover !important;}&#8221;][vc_column][vc_empty_space height=&#8221;67px&#8221;][vc_message message_box_style=&#8221;solid&#8221; message_box_color=&#8221;danger&#8221; icon_fontawesome=&#8221;fa fa-regular fa-images&#8221; css=&#8221;&#8221;] Alper T\u00fcyde\u015f | Sergiler &nbsp; \u2013 Hataysal Foto\u011fraflar \u2013 Antakya K\u00fclt\u00fcr Merkezi \u2013 Hatay \u2013 2011 \u2013 Karacabey\u2019in Do\u011fas\u0131 \u2013 Kent Meydan\u0131- Karacabey \u2013 2012 \u2013 Karacabey Longozu Diye Bir Yer var \u2013 Tayyare K\u00fclt\u00fcr Merkezi \u2013 [&hellip;]<\/p>\n","protected":false},"author":1,"featured_media":4296,"parent":0,"menu_order":0,"comment_status":"closed","ping_status":"closed","template":"","meta":{"footnotes":""},"class_list":["post-4403","page","type-page","status-publish","has-post-thumbnail","hentry"],"_links":{"self":[{"href":"https:\/\/alpertuydes.com\/index.php?rest_route=\/wp\/v2\/pages\/4403","targetHints":{"allow":["GET"]}}],"collection":[{"href":"https:\/\/alpertuydes.com\/index.php?rest_route=\/wp\/v2\/pages"}],"about":[{"href":"https:\/\/alpertuydes.com\/index.php?rest_route=\/wp\/v2\/types\/page"}],"author":[{"embeddable":true,"href":"https:\/\/alpertuydes.com\/index.php?rest_route=\/wp\/v2\/users\/1"}],"replies":[{"embeddable":true,"href":"https:\/\/alpertuydes.com\/index.php?rest_route=%2Fwp%2Fv2%2Fcomments&post=4403"}],"version-history":[{"count":7,"href":"https:\/\/alpertuydes.com\/index.php?rest_route=\/wp\/v2\/pages\/4403\/revisions"}],"predecessor-version":[{"id":5459,"href":"https:\/\/alpertuydes.com\/index.php?rest_route=\/wp\/v2\/pages\/4403\/revisions\/5459"}],"wp:featuredmedia":[{"embeddable":true,"href":"https:\/\/alpertuydes.com\/index.php?rest_route=\/wp\/v2\/media\/4296"}],"wp:attachment":[{"href":"https:\/\/alpertuydes.com\/index.php?rest_route=%2Fwp%2Fv2%2Fmedia&parent=4403"}],"curies":[{"name":"wp","href":"https:\/\/api.w.org\/{rel}","templated":true}]}}