{"id":1710,"date":"2016-12-07T10:43:36","date_gmt":"2016-12-07T10:43:36","guid":{"rendered":"https:\/\/napoli.foxthemes.me_test\/?page_id=1710"},"modified":"2025-08-23T14:39:37","modified_gmt":"2025-08-23T14:39:37","slug":"galeri","status":"publish","type":"page","link":"https:\/\/alpertuydes.com\/?page_id=1710","title":{"rendered":"Galeri"},"content":{"rendered":"<div class=\"wpb-content-wrapper\"><p>[vc_row][vc_column desctop_mb=&#8221;margin-lg-50b&#8221; mobile_mb=&#8221;margin-xs-10b&#8221; css=&#8221;.vc_custom_1482415977486{padding-right: 0px !important;padding-left: 0px !important;}&#8221;][vc_separator color=&#8221;pink&#8221; css=&#8221;&#8221;][vc_empty_space][\/vc_column][\/vc_row][vc_row][vc_column desctop_mb=&#8221;margin-lg-50b&#8221; mobile_mb=&#8221;margin-xs-10b&#8221; css=&#8221;.vc_custom_1482415977486{padding-right: 0px !important;padding-left: 0px !important;}&#8221;][vc_custom_heading text=&#8221;Alper T\u00fcyde\u015f taraf\u0131ndan \u00e7ekilen foto\u011fraflardan baz\u0131 \u00f6rnekler&#8221; font_container=&#8221;tag:h2|text_align:center|color:%23DD3333&#8243; google_fonts=&#8221;font_family:Advent%20Pro%3A100%2C200%2C300%2Cregular%2C500%2C600%2C700|font_style:400%20regular%3A400%3Anormal&#8221; css=&#8221;&#8221;][\/vc_column][\/vc_row][vc_row][vc_column desctop_mb=&#8221;margin-lg-50b&#8221; mobile_mb=&#8221;margin-xs-10b&#8221; css=&#8221;.vc_custom_1482415977486{padding-right: 0px !important;padding-left: 0px !important;}&#8221;][napoli_portfolio_list style=&#8221;grid&#8221; cats=&#8221;174&#8243; count=&#8221;9&#8243;][\/vc_column][\/vc_row]<\/p>\n<\/div>","protected":false},"excerpt":{"rendered":"<p>[vc_row][vc_column desctop_mb=&#8221;margin-lg-50b&#8221; mobile_mb=&#8221;margin-xs-10b&#8221; css=&#8221;.vc_custom_1482415977486{padding-right: 0px !important;padding-left: 0px !important;}&#8221;][vc_separator color=&#8221;pink&#8221; css=&#8221;&#8221;][vc_empty_space][\/vc_column][\/vc_row][vc_row][vc_column desctop_mb=&#8221;margin-lg-50b&#8221; mobile_mb=&#8221;margin-xs-10b&#8221; css=&#8221;.vc_custom_1482415977486{padding-right: 0px !important;padding-left: 0px !important;}&#8221;][vc_custom_heading text=&#8221;Alper T\u00fcyde\u015f taraf\u0131ndan \u00e7ekilen foto\u011fraflardan baz\u0131 \u00f6rnekler&#8221; font_container=&#8221;tag:h2|text_align:center|color:%23DD3333&#8243; google_fonts=&#8221;font_family:Advent%20Pro%3A100%2C200%2C300%2Cregular%2C500%2C600%2C700|font_style:400%20regular%3A400%3Anormal&#8221; css=&#8221;&#8221;][\/vc_column][\/vc_row][vc_row][vc_column desctop_mb=&#8221;margin-lg-50b&#8221; mobile_mb=&#8221;margin-xs-10b&#8221; css=&#8221;.vc_custom_1482415977486{padding-right: 0px !important;padding-left: 0px !important;}&#8221;][napoli_portfolio_list style=&#8221;grid&#8221; cats=&#8221;174&#8243; count=&#8221;9&#8243;][\/vc_column][\/vc_row]<\/p>\n","protected":false},"author":1,"featured_media":0,"parent":0,"menu_order":0,"comment_status":"closed","ping_status":"closed","template":"","meta":{"footnotes":""},"class_list":["post-1710","page","type-page","status-publish","hentry"],"_links":{"self":[{"href":"https:\/\/alpertuydes.com\/index.php?rest_route=\/wp\/v2\/pages\/1710","targetHints":{"allow":["GET"]}}],"collection":[{"href":"https:\/\/alpertuydes.com\/index.php?rest_route=\/wp\/v2\/pages"}],"about":[{"href":"https:\/\/alpertuydes.com\/index.php?rest_route=\/wp\/v2\/types\/page"}],"author":[{"embeddable":true,"href":"https:\/\/alpertuydes.com\/index.php?rest_route=\/wp\/v2\/users\/1"}],"replies":[{"embeddable":true,"href":"https:\/\/alpertuydes.com\/index.php?rest_route=%2Fwp%2Fv2%2Fcomments&post=1710"}],"version-history":[{"count":18,"href":"https:\/\/alpertuydes.com\/index.php?rest_route=\/wp\/v2\/pages\/1710\/revisions"}],"predecessor-version":[{"id":4176,"href":"https:\/\/alpertuydes.com\/index.php?rest_route=\/wp\/v2\/pages\/1710\/revisions\/4176"}],"wp:attachment":[{"href":"https:\/\/alpertuydes.com\/index.php?rest_route=%2Fwp%2Fv2%2Fmedia&parent=1710"}],"curies":[{"name":"wp","href":"https:\/\/api.w.org\/{rel}","templated":true}]}}